{"id":2,"date":"2014-06-16T12:49:36","date_gmt":"2014-06-16T12:49:36","guid":{"rendered":"http:\/\/www.usosaldana.com.co\/wordpress\/?page_id=2"},"modified":"2025-04-14T10:50:48","modified_gmt":"2025-04-14T15:50:48","slug":"nosotros","status":"publish","type":"page","link":"https:\/\/www.usosaldana.com.co\/index.php\/nosotros\/","title":{"rendered":"Nosotros"},"content":{"rendered":"<div class=\"pt-cv-wrapper\"><div class=\"pt-cv-view pt-cv-collapsible\" id=\"pt-cv-view-8ffa288b7f\"><div data-id=\"pt-cv-page-1\" class=\"pt-cv-page\" data-cvc=\"1\"><div class=\"panel-group\" id=\"67d1a5cpu1\"><div class=\"panel panel-default pt-cv-content-item pt-cv-1-col\" >\r\n<div class=\"panel-heading pt-cv-title\">\r\n    <a class=\"panel-title\" data-toggle=\"cvcollapse\" data-parent=\"#67d1a5cpu1\" data-target=\"#be6a1620sc\" href='https:\/\/www.usosaldana.com.co\/index.php\/nosotros\/mision\/' onclick='event.preventDefault()'>\r\n\t\tMisi\u00f3n\t<\/a>\r\n\t<\/div>\r\n<div id=\"be6a1620sc\" class=\"panel-collapse collapse in\">\r\n\t<div class=\"panel-body\">\r\n\t\t<a href=\"https:\/\/www.usosaldana.com.co\/index.php\/nosotros\/mision\/\" class=\"_self pt-cv-href-thumbnail pt-cv-thumb-default\" target=\"_self\" ><img loading=\"lazy\" decoding=\"async\" width=\"1024\" height=\"554\" src=\"https:\/\/www.usosaldana.com.co\/wp-content\/uploads\/2025\/04\/MISION.jpg\" class=\"pt-cv-thumbnail no-lazy\" alt=\"\" \/><\/a>\n<div class=\"pt-cv-content\">USOSALDA\u00d1A es una empresa de car\u00e1cter asociativo que administra el recurso h\u00eddrico del distrito de adecuaci\u00f3n de tierras de gran escala del Rio Salda\u00f1a, con el objeto de ofrecer bienestar a los usuarios, elevar su calidad de vida y generar desarrollo regional de manera sostenible ...<br \/><div class=\"pt-cv-rmwrap\"><a href=\"https:\/\/www.usosaldana.com.co\/index.php\/nosotros\/mision\/\" class=\"_self pt-cv-readmore btn btn-success\" target=\"_self\">Leer M\u00e1s<\/a><\/div><\/div>\n<div class=\"pt-cv-meta-fields\"><span class=\"entry-date\"> <time datetime=\"2014-06-23T20:45:50-05:00\">23 junio, 2014<\/time><\/span><\/div>\t<\/div>\r\n<\/div><\/div>\n<div class=\"panel panel-default pt-cv-content-item pt-cv-1-col\" >\r\n<div class=\"panel-heading pt-cv-title\">\r\n    <a class=\"panel-title\" data-toggle=\"cvcollapse\" data-parent=\"#67d1a5cpu1\" data-target=\"#a6429a0u4w\" href='https:\/\/www.usosaldana.com.co\/index.php\/nosotros\/vision\/' onclick='event.preventDefault()'>\r\n\t\tVisi\u00f3n\t<\/a>\r\n\t<\/div>\r\n<div id=\"a6429a0u4w\" class=\"panel-collapse collapse \">\r\n\t<div class=\"panel-body\">\r\n\t\t<a href=\"https:\/\/www.usosaldana.com.co\/index.php\/nosotros\/vision\/\" class=\"_self pt-cv-href-thumbnail pt-cv-thumb-default\" target=\"_self\" ><img loading=\"lazy\" decoding=\"async\" width=\"825\" height=\"550\" src=\"https:\/\/www.usosaldana.com.co\/wp-content\/uploads\/2025\/04\/VISION.jpg\" class=\"pt-cv-thumbnail no-lazy\" alt=\"\" \/><\/a>\n<div class=\"pt-cv-content\">USOSALDA\u00d1A en el a\u00f1o 2025 es una empresa asociativa, unida, sostenible y socialmente responsable. Administrara el recurso h\u00eddrico mediante un sistema inteligente de conservaci\u00f3n, captaci\u00f3n y distribuci\u00f3n y entrega del agua. Diversifica cultivos para producir alimentos, incrementa el \u00e1rea cultivable e integra a los actores de las cadenas productivas. Ofrece ...<br \/><div class=\"pt-cv-rmwrap\"><a href=\"https:\/\/www.usosaldana.com.co\/index.php\/nosotros\/vision\/\" class=\"_self pt-cv-readmore btn btn-success\" target=\"_self\">Leer M\u00e1s<\/a><\/div><\/div>\n<div class=\"pt-cv-meta-fields\"><span class=\"entry-date\"> <time datetime=\"2014-06-23T20:47:11-05:00\">23 junio, 2014<\/time><\/span><\/div>\t<\/div>\r\n<\/div><\/div>\n<div class=\"panel panel-default pt-cv-content-item pt-cv-1-col\" >\r\n<div class=\"panel-heading pt-cv-title\">\r\n    <a class=\"panel-title\" data-toggle=\"cvcollapse\" data-parent=\"#67d1a5cpu1\" data-target=\"#1512da9v3j\" href='https:\/\/www.usosaldana.com.co\/index.php\/objetivos\/' onclick='event.preventDefault()'>\r\n\t\tObjetivos\t<\/a>\r\n\t<\/div>\r\n<div id=\"1512da9v3j\" class=\"panel-collapse collapse \">\r\n\t<div class=\"panel-body\">\r\n\t\t<a href=\"https:\/\/www.usosaldana.com.co\/index.php\/objetivos\/\" class=\"_self pt-cv-href-thumbnail pt-cv-thumb-default\" target=\"_self\" ><img loading=\"lazy\" decoding=\"async\" width=\"800\" height=\"400\" src=\"https:\/\/www.usosaldana.com.co\/wp-content\/uploads\/2025\/04\/OBJETIVOS.jpg\" class=\"pt-cv-thumbnail no-lazy\" alt=\"\" \/><\/a>\n<div class=\"pt-cv-content\">Alcanzar un uso eficiente y racional de los recursos suelo y agua que permita consolidar una agricultura sostenible y productiva en la regi\u00f3n. Promover el desarrollo de la agricultura irrigada a trav\u00e9s de una eficiente operaci\u00f3n y mantenimiento de sistemas de riego. Promover proyectos que faciliten la validaci\u00f3n, ajuste, acceso ...<br \/><div class=\"pt-cv-rmwrap\"><a href=\"https:\/\/www.usosaldana.com.co\/index.php\/objetivos\/\" class=\"_self pt-cv-readmore btn btn-success\" target=\"_self\">Leer M\u00e1s<\/a><\/div><\/div>\n<div class=\"pt-cv-meta-fields\"><span class=\"entry-date\"> <time datetime=\"2014-06-23T20:49:17-05:00\">23 junio, 2014<\/time><\/span><\/div>\t<\/div>\r\n<\/div><\/div>\n<div class=\"panel panel-default pt-cv-content-item pt-cv-1-col\" >\r\n<div class=\"panel-heading pt-cv-title\">\r\n    <a class=\"panel-title\" data-toggle=\"cvcollapse\" data-parent=\"#67d1a5cpu1\" data-target=\"#5fbaa60l57\" href='https:\/\/www.usosaldana.com.co\/index.php\/nosotros\/historia\/' onclick='event.preventDefault()'>\r\n\t\tHistoria\t<\/a>\r\n\t<\/div>\r\n<div id=\"5fbaa60l57\" class=\"panel-collapse collapse \">\r\n\t<div class=\"panel-body\">\r\n\t\t<a href=\"https:\/\/www.usosaldana.com.co\/index.php\/nosotros\/historia\/\" class=\"_self pt-cv-href-thumbnail pt-cv-thumb-default\" target=\"_self\" ><img loading=\"lazy\" decoding=\"async\" width=\"800\" height=\"533\" src=\"https:\/\/www.usosaldana.com.co\/wp-content\/uploads\/2025\/04\/USOSA.jpg\" class=\"pt-cv-thumbnail no-lazy\" alt=\"\" \/><\/a>\n<div class=\"pt-cv-content\">Se iniciaron las investigaciones preliminares en el a\u00f1o de 1922, y en 1943, se construyeron dos canales de aproximadamente 7 kil\u00f3metros cerca de las poblaciones de Gualanday y chicoral, pero fueron abandonados por insuficiencia de fondos en el a\u00f1o de 1944. En 1945 se adelantaron algunos levantamientos preliminares de clasificaci\u00f3n ...<br \/><div class=\"pt-cv-rmwrap\"><a href=\"https:\/\/www.usosaldana.com.co\/index.php\/nosotros\/historia\/\" class=\"_self pt-cv-readmore btn btn-success\" target=\"_self\">Leer M\u00e1s<\/a><\/div><\/div>\n<div class=\"pt-cv-meta-fields\"><span class=\"entry-date\"> <time datetime=\"2014-06-23T20:50:30-05:00\">23 junio, 2014<\/time><\/span><\/div>\t<\/div>\r\n<\/div><\/div>\n<div class=\"panel panel-default pt-cv-content-item pt-cv-1-col\" >\r\n<div class=\"panel-heading pt-cv-title\">\r\n    <a class=\"panel-title\" data-toggle=\"cvcollapse\" data-parent=\"#67d1a5cpu1\" data-target=\"#be7b307742\" href='https:\/\/www.usosaldana.com.co\/index.php\/nosotros\/organigrama\/' onclick='event.preventDefault()'>\r\n\t\tOrganigrama\t<\/a>\r\n\t<\/div>\r\n<div id=\"be7b307742\" class=\"panel-collapse collapse \">\r\n\t<div class=\"panel-body\">\r\n\t\t<a href=\"https:\/\/www.usosaldana.com.co\/index.php\/nosotros\/organigrama\/\" class=\"_self pt-cv-href-thumbnail pt-cv-thumb-default\" target=\"_self\" ><img loading=\"lazy\" decoding=\"async\" width=\"1024\" height=\"507\" src=\"https:\/\/www.usosaldana.com.co\/wp-content\/uploads\/2014\/06\/organigra-1024x507.jpg\" class=\"pt-cv-thumbnail no-lazy\" alt=\"\" \/><\/a>\n<div class=\"pt-cv-content\">Haz clic en la imagen para ampliar ...<br \/><div class=\"pt-cv-rmwrap\"><a href=\"https:\/\/www.usosaldana.com.co\/index.php\/nosotros\/organigrama\/\" class=\"_self pt-cv-readmore btn btn-success\" target=\"_self\">Leer M\u00e1s<\/a><\/div><\/div>\n<div class=\"pt-cv-meta-fields\"><span class=\"entry-date\"> <time datetime=\"2014-06-23T20:50:52-05:00\">23 junio, 2014<\/time><\/span><\/div>\t<\/div>\r\n<\/div><\/div>\n<div class=\"panel panel-default pt-cv-content-item pt-cv-1-col\" >\r\n<div class=\"panel-heading pt-cv-title\">\r\n    <a class=\"panel-title\" data-toggle=\"cvcollapse\" data-parent=\"#67d1a5cpu1\" data-target=\"#82323492i3\" href='https:\/\/www.usosaldana.com.co\/index.php\/nosotros\/areas\/' onclick='event.preventDefault()'>\r\n\t\t\u00c1reas\t<\/a>\r\n\t<\/div>\r\n<div id=\"82323492i3\" class=\"panel-collapse collapse \">\r\n\t<div class=\"panel-body\">\r\n\t\t<a href=\"https:\/\/www.usosaldana.com.co\/index.php\/nosotros\/areas\/\" class=\"_self pt-cv-href-thumbnail pt-cv-thumb-default\" target=\"_self\" ><img decoding=\"async\" src=\"https:\/\/www.usosaldana.com.co\/wp-content\/plugins\/content-views-query-and-display-post-page\/public\/assets\/images\/default_image.png\" class=\"pt-cv-thumbnail cv-default-img\" alt=\"\u00c1reas\" title=\"\" \/><\/a>\n<div class=\"pt-cv-content\">GERENCIA Responsable: GABRIEL NU\u00d1EZ ALMARIO. Cargo: GERENTE La misi\u00f3n del \u00e1rea es Representar, Legal o Judicialmente, a USOSALDA\u00d1A; Dise\u00f1ar e implementar el Plan Estrat\u00e9gico y el Plan de Desarrollo de la Organizaci\u00f3n, con el prop\u00f3sito de proyectar la Prestaci\u00f3n de Servicios a los Usuarios en forma sostenida, oportuna y creciente, ...<br \/><div class=\"pt-cv-rmwrap\"><a href=\"https:\/\/www.usosaldana.com.co\/index.php\/nosotros\/areas\/\" class=\"_self pt-cv-readmore btn btn-success\" target=\"_self\">Leer M\u00e1s<\/a><\/div><\/div>\n<div class=\"pt-cv-meta-fields\"><span class=\"entry-date\"> <time datetime=\"2014-06-23T20:52:38-05:00\">23 junio, 2014<\/time><\/span><\/div>\t<\/div>\r\n<\/div><\/div>\n<div class=\"panel panel-default pt-cv-content-item pt-cv-1-col\" >\r\n<div class=\"panel-heading pt-cv-title\">\r\n    <a class=\"panel-title\" data-toggle=\"cvcollapse\" data-parent=\"#67d1a5cpu1\" data-target=\"#4f85577la3\" href='https:\/\/www.usosaldana.com.co\/index.php\/nosotros\/oficinas\/' onclick='event.preventDefault()'>\r\n\t\tNuestras Oficinas\t<\/a>\r\n\t<\/div>\r\n<div id=\"4f85577la3\" class=\"panel-collapse collapse \">\r\n\t<div class=\"panel-body\">\r\n\t\t<a href=\"https:\/\/www.usosaldana.com.co\/index.php\/nosotros\/oficinas\/\" class=\"_self pt-cv-href-thumbnail pt-cv-thumb-default\" target=\"_self\" ><img decoding=\"async\" src=\"https:\/\/www.usosaldana.com.co\/wp-content\/plugins\/content-views-query-and-display-post-page\/public\/assets\/images\/default_image.png\" class=\"pt-cv-thumbnail cv-default-img\" alt=\"Nuestras Oficinas\" title=\"\" \/><\/a>\n<div class=\"pt-cv-content\">SEDE ADMINISTRATIVASecci\u00f3n de Gerencia: Gerencia, Secretaria de gerencia, Asesor Jur\u00eddico, Secretaria de Junta Directiva, Sala de Juntas, Seguridad y Salud en el Trabajo, Archivo, Recursos Humanos y Auditorio. Secci\u00f3n Administrativa: L\u00edder de Administraci\u00f3n, Auxiliar Administrativo, Contabilidad, Sistemas, Tesorer\u00eda, Cartera. Secci\u00f3n Operativa: L\u00edder de Operaci\u00f3n, Asistente de Operaci\u00f3n, Secretaria de Operaci\u00f3n, ...<br \/><div class=\"pt-cv-rmwrap\"><a href=\"https:\/\/www.usosaldana.com.co\/index.php\/nosotros\/oficinas\/\" class=\"_self pt-cv-readmore btn btn-success\" target=\"_self\">Leer M\u00e1s<\/a><\/div><\/div>\n<div class=\"pt-cv-meta-fields\"><span class=\"entry-date\"> <time datetime=\"2014-06-23T20:53:07-05:00\">23 junio, 2014<\/time><\/span><\/div>\t<\/div>\r\n<\/div><\/div><\/div><\/div><\/div><\/div>\n","protected":false},"excerpt":{"rendered":"","protected":false},"author":3,"featured_media":0,"parent":0,"menu_order":1,"comment_status":"closed","ping_status":"closed","template":"","meta":{"footnotes":""},"class_list":["post-2","page","type-page","status-publish","czr-hentry"],"_links":{"self":[{"href":"https:\/\/www.usosaldana.com.co\/index.php\/wp-json\/wp\/v2\/pages\/2","targetHints":{"allow":["GET"]}}],"collection":[{"href":"https:\/\/www.usosaldana.com.co\/index.php\/wp-json\/wp\/v2\/pages"}],"about":[{"href":"https:\/\/www.usosaldana.com.co\/index.php\/wp-json\/wp\/v2\/types\/page"}],"author":[{"embeddable":true,"href":"https:\/\/www.usosaldana.com.co\/index.php\/wp-json\/wp\/v2\/users\/3"}],"replies":[{"embeddable":true,"href":"https:\/\/www.usosaldana.com.co\/index.php\/wp-json\/wp\/v2\/comments?post=2"}],"version-history":[{"count":3,"href":"https:\/\/www.usosaldana.com.co\/index.php\/wp-json\/wp\/v2\/pages\/2\/revisions"}],"predecessor-version":[{"id":5067,"href":"https:\/\/www.usosaldana.com.co\/index.php\/wp-json\/wp\/v2\/pages\/2\/revisions\/5067"}],"wp:attachment":[{"href":"https:\/\/www.usosaldana.com.co\/index.php\/wp-json\/wp\/v2\/media?parent=2"}],"curies":[{"name":"wp","href":"https:\/\/api.w.org\/{rel}","templated":true}]}}

<div class="pt-cv-wrapper"><div class="pt-cv-view pt-cv-collapsible" id="pt-cv-view-8ffa288b7f"><div data-id="pt-cv-page-1" class="pt-cv-page" data-cvc="1"><div class="panel-group" id="67d1a5cpu1"><div class="panel panel-default pt-cv-content-item pt-cv-1-col" >
<div class="panel-heading pt-cv-title">
    <a class="panel-title" data-toggle="cvcollapse" data-parent="#67d1a5cpu1" data-target="#be6a1620sc" href='https://www.usosaldana.com.co/index.php/nosotros/mision/' onclick='event.preventDefault()'>
		Misión	</a>
	</div>
<div id="be6a1620sc" class="panel-collapse collapse in">
	<div class="panel-body">
		<a href="https://www.usosaldana.com.co/index.php/nosotros/mision/" class="_self pt-cv-href-thumbnail pt-cv-thumb-default" target="_self" ><img loading="lazy" decoding="async" width="1024" height="554" src="https://www.usosaldana.com.co/wp-content/uploads/2025/04/MISION.jpg" class="pt-cv-thumbnail no-lazy" alt="" /></a>
<div class="pt-cv-content">USOSALDAÑA es una empresa de carácter asociativo que administra el recurso hídrico del distrito de adecuación de tierras de gran escala del Rio Saldaña, con el objeto de ofrecer bienestar a los usuarios, elevar su calidad de vida y generar desarrollo regional de manera sostenible ...<br /><div class="pt-cv-rmwrap"><a href="https://www.usosaldana.com.co/index.php/nosotros/mision/" class="_self pt-cv-readmore btn btn-success" target="_self">Leer Más</a></div></div>
<div class="pt-cv-meta-fields"><span class="entry-date"> <time datetime="2014-06-23T20:45:50-05:00">23 junio, 2014</time></span></div>	</div>
</div></div>
<div class="panel panel-default pt-cv-content-item pt-cv-1-col" >
<div class="panel-heading pt-cv-title">
    <a class="panel-title" data-toggle="cvcollapse" data-parent="#67d1a5cpu1" data-target="#a6429a0u4w" href='https://www.usosaldana.com.co/index.php/nosotros/vision/' onclick='event.preventDefault()'>
		Visión	</a>
	</div>
<div id="a6429a0u4w" class="panel-collapse collapse ">
	<div class="panel-body">
		<a href="https://www.usosaldana.com.co/index.php/nosotros/vision/" class="_self pt-cv-href-thumbnail pt-cv-thumb-default" target="_self" ><img loading="lazy" decoding="async" width="825" height="550" src="https://www.usosaldana.com.co/wp-content/uploads/2025/04/VISION.jpg" class="pt-cv-thumbnail no-lazy" alt="" /></a>
<div class="pt-cv-content">USOSALDAÑA en el año 2025 es una empresa asociativa, unida, sostenible y socialmente responsable. Administrara el recurso hídrico mediante un sistema inteligente de conservación, captación y distribución y entrega del agua. Diversifica cultivos para producir alimentos, incrementa el área cultivable e integra a los actores de las cadenas productivas. Ofrece ...<br /><div class="pt-cv-rmwrap"><a href="https://www.usosaldana.com.co/index.php/nosotros/vision/" class="_self pt-cv-readmore btn btn-success" target="_self">Leer Más</a></div></div>
<div class="pt-cv-meta-fields"><span class="entry-date"> <time datetime="2014-06-23T20:47:11-05:00">23 junio, 2014</time></span></div>	</div>
</div></div>
<div class="panel panel-default pt-cv-content-item pt-cv-1-col" >
<div class="panel-heading pt-cv-title">
    <a class="panel-title" data-toggle="cvcollapse" data-parent="#67d1a5cpu1" data-target="#1512da9v3j" href='https://www.usosaldana.com.co/index.php/objetivos/' onclick='event.preventDefault()'>
		Objetivos	</a>
	</div>
<div id="1512da9v3j" class="panel-collapse collapse ">
	<div class="panel-body">
		<a href="https://www.usosaldana.com.co/index.php/objetivos/" class="_self pt-cv-href-thumbnail pt-cv-thumb-default" target="_self" ><img loading="lazy" decoding="async" width="800" height="400" src="https://www.usosaldana.com.co/wp-content/uploads/2025/04/OBJETIVOS.jpg" class="pt-cv-thumbnail no-lazy" alt="" /></a>
<div class="pt-cv-content">Alcanzar un uso eficiente y racional de los recursos suelo y agua que permita consolidar una agricultura sostenible y productiva en la región. Promover el desarrollo de la agricultura irrigada a través de una eficiente operación y mantenimiento de sistemas de riego. Promover proyectos que faciliten la validación, ajuste, acceso ...<br /><div class="pt-cv-rmwrap"><a href="https://www.usosaldana.com.co/index.php/objetivos/" class="_self pt-cv-readmore btn btn-success" target="_self">Leer Más</a></div></div>
<div class="pt-cv-meta-fields"><span class="entry-date"> <time datetime="2014-06-23T20:49:17-05:00">23 junio, 2014</time></span></div>	</div>
</div></div>
<div class="panel panel-default pt-cv-content-item pt-cv-1-col" >
<div class="panel-heading pt-cv-title">
    <a class="panel-title" data-toggle="cvcollapse" data-parent="#67d1a5cpu1" data-target="#5fbaa60l57" href='https://www.usosaldana.com.co/index.php/nosotros/historia/' onclick='event.preventDefault()'>
		Historia	</a>
	</div>
<div id="5fbaa60l57" class="panel-collapse collapse ">
	<div class="panel-body">
		<a href="https://www.usosaldana.com.co/index.php/nosotros/historia/" class="_self pt-cv-href-thumbnail pt-cv-thumb-default" target="_self" ><img loading="lazy" decoding="async" width="800" height="533" src="https://www.usosaldana.com.co/wp-content/uploads/2025/04/USOSA.jpg" class="pt-cv-thumbnail no-lazy" alt="" /></a>
<div class="pt-cv-content">Se iniciaron las investigaciones preliminares en el año de 1922, y en 1943, se construyeron dos canales de aproximadamente 7 kilómetros cerca de las poblaciones de Gualanday y chicoral, pero fueron abandonados por insuficiencia de fondos en el año de 1944. En 1945 se adelantaron algunos levantamientos preliminares de clasificación ...<br /><div class="pt-cv-rmwrap"><a href="https://www.usosaldana.com.co/index.php/nosotros/historia/" class="_self pt-cv-readmore btn btn-success" target="_self">Leer Más</a></div></div>
<div class="pt-cv-meta-fields"><span class="entry-date"> <time datetime="2014-06-23T20:50:30-05:00">23 junio, 2014</time></span></div>	</div>
</div></div>
<div class="panel panel-default pt-cv-content-item pt-cv-1-col" >
<div class="panel-heading pt-cv-title">
    <a class="panel-title" data-toggle="cvcollapse" data-parent="#67d1a5cpu1" data-target="#be7b307742" href='https://www.usosaldana.com.co/index.php/nosotros/organigrama/' onclick='event.preventDefault()'>
		Organigrama	</a>
	</div>
<div id="be7b307742" class="panel-collapse collapse ">
	<div class="panel-body">
		<a href="https://www.usosaldana.com.co/index.php/nosotros/organigrama/" class="_self pt-cv-href-thumbnail pt-cv-thumb-default" target="_self" ><img loading="lazy" decoding="async" width="1024" height="507" src="https://www.usosaldana.com.co/wp-content/uploads/2014/06/organigra-1024x507.jpg" class="pt-cv-thumbnail no-lazy" alt="" /></a>
<div class="pt-cv-content">Haz clic en la imagen para ampliar ...<br /><div class="pt-cv-rmwrap"><a href="https://www.usosaldana.com.co/index.php/nosotros/organigrama/" class="_self pt-cv-readmore btn btn-success" target="_self">Leer Más</a></div></div>
<div class="pt-cv-meta-fields"><span class="entry-date"> <time datetime="2014-06-23T20:50:52-05:00">23 junio, 2014</time></span></div>	</div>
</div></div>
<div class="panel panel-default pt-cv-content-item pt-cv-1-col" >
<div class="panel-heading pt-cv-title">
    <a class="panel-title" data-toggle="cvcollapse" data-parent="#67d1a5cpu1" data-target="#82323492i3" href='https://www.usosaldana.com.co/index.php/nosotros/areas/' onclick='event.preventDefault()'>
		Áreas	</a>
	</div>
<div id="82323492i3" class="panel-collapse collapse ">
	<div class="panel-body">
		<a href="https://www.usosaldana.com.co/index.php/nosotros/areas/" class="_self pt-cv-href-thumbnail pt-cv-thumb-default" target="_self" ><img decoding="async" src="https://www.usosaldana.com.co/wp-content/plugins/content-views-query-and-display-post-page/public/assets/images/default_image.png" class="pt-cv-thumbnail cv-default-img" alt="Áreas" title="" /></a>
<div class="pt-cv-content">GERENCIA Responsable: GABRIEL NUÑEZ ALMARIO. Cargo: GERENTE La misión del área es Representar, Legal o Judicialmente, a USOSALDAÑA; Diseñar e implementar el Plan Estratégico y el Plan de Desarrollo de la Organización, con el propósito de proyectar la Prestación de Servicios a los Usuarios en forma sostenida, oportuna y creciente, ...<br /><div class="pt-cv-rmwrap"><a href="https://www.usosaldana.com.co/index.php/nosotros/areas/" class="_self pt-cv-readmore btn btn-success" target="_self">Leer Más</a></div></div>
<div class="pt-cv-meta-fields"><span class="entry-date"> <time datetime="2014-06-23T20:52:38-05:00">23 junio, 2014</time></span></div>	</div>
</div></div>
<div class="panel panel-default pt-cv-content-item pt-cv-1-col" >
<div class="panel-heading pt-cv-title">
    <a class="panel-title" data-toggle="cvcollapse" data-parent="#67d1a5cpu1" data-target="#4f85577la3" href='https://www.usosaldana.com.co/index.php/nosotros/oficinas/' onclick='event.preventDefault()'>
		Nuestras Oficinas	</a>
	</div>
<div id="4f85577la3" class="panel-collapse collapse ">
	<div class="panel-body">
		<a href="https://www.usosaldana.com.co/index.php/nosotros/oficinas/" class="_self pt-cv-href-thumbnail pt-cv-thumb-default" target="_self" ><img decoding="async" src="https://www.usosaldana.com.co/wp-content/plugins/content-views-query-and-display-post-page/public/assets/images/default_image.png" class="pt-cv-thumbnail cv-default-img" alt="Nuestras Oficinas" title="" /></a>
<div class="pt-cv-content">SEDE ADMINISTRATIVASección de Gerencia: Gerencia, Secretaria de gerencia, Asesor Jurídico, Secretaria de Junta Directiva, Sala de Juntas, Seguridad y Salud en el Trabajo, Archivo, Recursos Humanos y Auditorio. Sección Administrativa: Líder de Administración, Auxiliar Administrativo, Contabilidad, Sistemas, Tesorería, Cartera. Sección Operativa: Líder de Operación, Asistente de Operación, Secretaria de Operación, ...<br /><div class="pt-cv-rmwrap"><a href="https://www.usosaldana.com.co/index.php/nosotros/oficinas/" class="_self pt-cv-readmore btn btn-success" target="_self">Leer Más</a></div></div>
<div class="pt-cv-meta-fields"><span class="entry-date"> <time datetime="2014-06-23T20:53:07-05:00">23 junio, 2014</time></span></div>	</div>
</div></div></div></div></div></div>
