{"id":2090,"date":"2020-05-15T15:07:51","date_gmt":"2020-05-15T20:07:51","guid":{"rendered":"http:\/\/www.usosaldana.com.co\/?page_id=2090"},"modified":"2026-04-29T10:48:45","modified_gmt":"2026-04-29T15:48:45","slug":"tramite-solicitud-de-riego","status":"publish","type":"page","link":"https:\/\/www.usosaldana.com.co\/index.php\/tramite-solicitud-de-riego\/","title":{"rendered":"Tr\u00e1mite de Solicitud de Riego Campa\u00f1a 2026B"},"content":{"rendered":"\n<p><\/p>\n\n\n\n<p><\/p>\n","protected":false},"excerpt":{"rendered":"<p>Tr\u00e1mite de solicitud de Riego para la campa\u00f1a 2026B Mediante la p\u00e1gina web de Usosalda\u00f1a<\/p>\n","protected":false},"author":3,"featured_media":0,"parent":0,"menu_order":0,"comment_status":"closed","ping_status":"closed","template":"20201010_SR.php","meta":{"footnotes":""},"class_list":["post-2090","page","type-page","status-publish","czr-hentry"],"_links":{"self":[{"href":"https:\/\/www.usosaldana.com.co\/index.php\/wp-json\/wp\/v2\/pages\/2090","targetHints":{"allow":["GET"]}}],"collection":[{"href":"https:\/\/www.usosaldana.com.co\/index.php\/wp-json\/wp\/v2\/pages"}],"about":[{"href":"https:\/\/www.usosaldana.com.co\/index.php\/wp-json\/wp\/v2\/types\/page"}],"author":[{"embeddable":true,"href":"https:\/\/www.usosaldana.com.co\/index.php\/wp-json\/wp\/v2\/users\/3"}],"replies":[{"embeddable":true,"href":"https:\/\/www.usosaldana.com.co\/index.php\/wp-json\/wp\/v2\/comments?post=2090"}],"version-history":[{"count":19,"href":"https:\/\/www.usosaldana.com.co\/index.php\/wp-json\/wp\/v2\/pages\/2090\/revisions"}],"predecessor-version":[{"id":6052,"href":"https:\/\/www.usosaldana.com.co\/index.php\/wp-json\/wp\/v2\/pages\/2090\/revisions\/6052"}],"wp:attachment":[{"href":"https:\/\/www.usosaldana.com.co\/index.php\/wp-json\/wp\/v2\/media?parent=2090"}],"curies":[{"name":"wp","href":"https:\/\/api.w.org\/{rel}","templated":true}]}}