{"id":35,"date":"2014-06-23T20:52:38","date_gmt":"2014-06-23T20:52:38","guid":{"rendered":"http:\/\/www.usosaldana.com.co\/wordpress\/?page_id=35"},"modified":"2025-09-03T13:06:06","modified_gmt":"2025-09-03T18:06:06","slug":"areas","status":"publish","type":"page","link":"https:\/\/www.usosaldana.com.co\/index.php\/nosotros\/areas\/","title":{"rendered":"\u00c1reas"},"content":{"rendered":"<div class=\"pin\"><strong>GERENCIA<\/strong><br \/>\n<strong>Responsable: <\/strong>GABRIEL NU\u00d1EZ ALMARIO<strong>.<\/strong><br \/>\n<strong>Cargo:<\/strong> GERENTE<\/p>\n<p align=\"justify\">La misi\u00f3n del \u00e1rea es Representar, Legal o Judicialmente, a USOSALDA\u00d1A; Dise\u00f1ar e implementar el Plan Estrat\u00e9gico y el Plan de Desarrollo de la Organizaci\u00f3n, con el prop\u00f3sito de proyectar la Prestaci\u00f3n de Servicios a los Usuarios en forma sostenida, oportuna y creciente, haciendo uso de las herramientas de los Sistemas de Gesti\u00f3n de Calidad que le permitan, en forma adecuada y pertinente, programar, coordinar, controlar y supervisar el normal desarrollo de las actividades de administraci\u00f3n, operaci\u00f3n, infraestructura, rehabilitaci\u00f3n, ampliaci\u00f3n y complementaci\u00f3n del Distrito de Riego de Adecuaci\u00f3n de Tierras de Gran Escala de R\u00edo Salda\u00f1a.<\/p>\n<\/div>\n<div class=\"pin\"><strong>ADMINISTRACI\u00d3N<\/strong><br \/>\n<strong>Responsable:<\/strong> ESTEFANY MORAN LE\u00d3N<br \/>\n<strong>Cargo: <\/strong>LIDER DE ADMINISTRACI\u00d3N<\/p>\n<p align=\"justify\">La misi\u00f3n del \u00e1rea es Planear, dirigir, coordinar y controlar todas las actividades de la secci\u00f3n administrativa en la Empresa, tanto financieras como contables. Gestionar permanentemente la disponibilidad de recursos integrales y log\u00edstica, de tal manera que permitan garantizar la prestaci\u00f3n de los servicios misionales de la Entidad a sus Usuarios, con calidad, en la cantidad esperada y en forma oportuna. Velar porque el Talento Humano de la Empresa crezca, de manera sostenida, en actitudes y aptitudes que le permita ser cada d\u00eda m\u00e1s competitivo.<\/p>\n<\/div>\n<div class=\"pin\"><strong>OPERACI\u00d3N<\/strong><br \/>\n<strong>Responsable:<\/strong> ALVARO LEONARDO VARGAS FLOREZ<br \/>\n<strong>Cargo:<\/strong> LIDER DE OPERACI\u00d3N<\/p>\n<p align=\"justify\">La misi\u00f3n del \u00e1rea es Coordinar, planear, dirigir, supervisar y controlar los procesos y actividades inherentes a los servicios de riego, drenaje e infraestructura suministrados por el Distrito, y los relacionados con el mantenimiento y reparaci\u00f3n de la maquinaria y equipo, de tal manera que garantice a los Usuarios una Prestaci\u00f3n de Servicios de calidad y oportuna.<\/p>\n<\/div>\n","protected":false},"excerpt":{"rendered":"<p>GERENCIA Responsable: GABRIEL NU\u00d1EZ ALMARIO. Cargo: GERENTE La misi\u00f3n del \u00e1rea es Representar, Legal o Judicialmente, a USOSALDA\u00d1A; Dise\u00f1ar e implementar el Plan Estrat\u00e9gico y el Plan de Desarrollo de la Organizaci\u00f3n, con el prop\u00f3sito de proyectar la Prestaci\u00f3n de Servicios a los Usuarios en forma sostenida, oportuna y creciente, haciendo uso de las herramientas [&hellip;]<\/p>\n","protected":false},"author":3,"featured_media":0,"parent":2,"menu_order":6,"comment_status":"closed","ping_status":"closed","template":"","meta":{"footnotes":""},"class_list":["post-35","page","type-page","status-publish","czr-hentry"],"_links":{"self":[{"href":"https:\/\/www.usosaldana.com.co\/index.php\/wp-json\/wp\/v2\/pages\/35","targetHints":{"allow":["GET"]}}],"collection":[{"href":"https:\/\/www.usosaldana.com.co\/index.php\/wp-json\/wp\/v2\/pages"}],"about":[{"href":"https:\/\/www.usosaldana.com.co\/index.php\/wp-json\/wp\/v2\/types\/page"}],"author":[{"embeddable":true,"href":"https:\/\/www.usosaldana.com.co\/index.php\/wp-json\/wp\/v2\/users\/3"}],"replies":[{"embeddable":true,"href":"https:\/\/www.usosaldana.com.co\/index.php\/wp-json\/wp\/v2\/comments?post=35"}],"version-history":[{"count":16,"href":"https:\/\/www.usosaldana.com.co\/index.php\/wp-json\/wp\/v2\/pages\/35\/revisions"}],"predecessor-version":[{"id":5469,"href":"https:\/\/www.usosaldana.com.co\/index.php\/wp-json\/wp\/v2\/pages\/35\/revisions\/5469"}],"up":[{"embeddable":true,"href":"https:\/\/www.usosaldana.com.co\/index.php\/wp-json\/wp\/v2\/pages\/2"}],"wp:attachment":[{"href":"https:\/\/www.usosaldana.com.co\/index.php\/wp-json\/wp\/v2\/media?parent=35"}],"curies":[{"name":"wp","href":"https:\/\/api.w.org\/{rel}","templated":true}]}}

Áreas

<div class="pin"><strong>GERENCIA</strong><br />
<strong>Responsable: </strong>GABRIEL NUÑEZ ALMARIO<strong>.</strong><br />
<strong>Cargo:</strong> GERENTE</p>
<p align="justify">La misión del área es Representar, Legal o Judicialmente, a USOSALDAÑA; Diseñar e implementar el Plan Estratégico y el Plan de Desarrollo de la Organización, con el propósito de proyectar la Prestación de Servicios a los Usuarios en forma sostenida, oportuna y creciente, haciendo uso de las herramientas de los Sistemas de Gestión de Calidad que le permitan, en forma adecuada y pertinente, programar, coordinar, controlar y supervisar el normal desarrollo de las actividades de administración, operación, infraestructura, rehabilitación, ampliación y complementación del Distrito de Riego de Adecuación de Tierras de Gran Escala de Río Saldaña.</p>
</div>
<div class="pin"><strong>ADMINISTRACIÓN</strong><br />
<strong>Responsable:</strong> ESTEFANY MORAN LEÓN<br />
<strong>Cargo: </strong>LIDER DE ADMINISTRACIÓN</p>
<p align="justify">La misión del área es Planear, dirigir, coordinar y controlar todas las actividades de la sección administrativa en la Empresa, tanto financieras como contables. Gestionar permanentemente la disponibilidad de recursos integrales y logística, de tal manera que permitan garantizar la prestación de los servicios misionales de la Entidad a sus Usuarios, con calidad, en la cantidad esperada y en forma oportuna. Velar porque el Talento Humano de la Empresa crezca, de manera sostenida, en actitudes y aptitudes que le permita ser cada día más competitivo.</p>
</div>
<div class="pin"><strong>OPERACIÓN</strong><br />
<strong>Responsable:</strong> ALVARO LEONARDO VARGAS FLOREZ<br />
<strong>Cargo:</strong> LIDER DE OPERACIÓN</p>
<p align="justify">La misión del área es Coordinar, planear, dirigir, supervisar y controlar los procesos y actividades inherentes a los servicios de riego, drenaje e infraestructura suministrados por el Distrito, y los relacionados con el mantenimiento y reparación de la maquinaria y equipo, de tal manera que garantice a los Usuarios una Prestación de Servicios de calidad y oportuna.</p>
</div>

<p>GERENCIA Responsable: GABRIEL NUÑEZ ALMARIO. Cargo: GERENTE La misión del área es Representar, Legal o Judicialmente, a USOSALDAÑA; Diseñar e implementar el Plan Estratégico y el Plan de Desarrollo de la Organización, con el propósito de proyectar la Prestación de Servicios a los Usuarios en forma sostenida, oportuna y creciente, haciendo uso de las herramientas [&hellip;]</p>
