{"id":4881,"date":"2025-01-31T08:59:52","date_gmt":"2025-01-31T13:59:52","guid":{"rendered":"https:\/\/www.usosaldana.com.co\/?page_id=4881"},"modified":"2025-01-31T09:07:13","modified_gmt":"2025-01-31T14:07:13","slug":"informe-problematica-del-sector-arrocero-2025","status":"publish","type":"page","link":"https:\/\/www.usosaldana.com.co\/index.php\/informe-problematica-del-sector-arrocero-2025\/","title":{"rendered":"Informe Problem\u00e1tica Del Sector Arrocero 2025"},"content":{"rendered":"\n<p><strong>Asunto: INFORME PROBLEMATICA DEL SECTOR ARROCERO TRAS LA REUNION DEL 30 DE ENERO EN BOGOTA:<\/strong><\/p>\n\n\n\n<p>Respetados Se\u00f1ores,<\/p>\n\n\n\n<p align=\"justify\">En cumplimiento de nuestro compromiso de velar por los intereses de los agricultores del sector arrocero, me permito presentar un informe detallado sobre los temas tratados durante la reuni\u00f3n llevada a cabo el d\u00eda de hoy, 30 de enero de 2025, en Bogot\u00e1, convocada y gestionada por la Gobernadora del Tolima, Dra. Adriana Magalli Matiz, con la participaci\u00f3n de actores clave en la problem\u00e1tica del sector.<\/p>\n\n\n\n<p>Actores participantes:<\/p>\n\n\n\n<p>Ministra de Agricultura<\/p>\n\n\n\n<p>Gobernadora del Tolima.<\/p>\n\n\n\n<p>Secretarios de Agricultura del Tolima y Huila.<\/p>\n\n\n\n<p>Representantes de Induarroz<\/p>\n\n\n\n<p>Representante Mincomercio Exterior.<\/p>\n\n\n\n<p>Secretario de las Cadenas Agr\u00edcolas y Forestales.<\/p>\n\n\n\n<p>Asesora del Ministerio de Agricultura.<\/p>\n\n\n\n<p>Representantes de los distritos Usocoello y Usosalda\u00f1a.<\/p>\n\n\n\n<p>Representante de Dignidad Arrocera.<\/p>\n\n\n\n<p>Representante de las asociaciones de riego del del Tolima.<\/p>\n\n\n\n<p><strong>An\u00e1lisis inicial de la situaci\u00f3n arrocera<\/strong><\/p>\n\n\n\n<p align=\"justify\">La reuni\u00f3n inici\u00f3 con un an\u00e1lisis sucinto por parte de la Gobernadora del Tolima, quien destac\u00f3 la dif\u00edcil situaci\u00f3n econ\u00f3mica que enfrentan los agricultores debido a:<\/p>\n\n\n\n<p>1. Impacto en los precios: La baja del precio del arroz paddy verde, determinado por la industria molinera, que no permite cubrir los costos de producci\u00f3n.<\/p>\n\n\n\n<p>2. Cifras preocupantes: Seg\u00fan lo expuesto por el representante de Dignidad Arrocera, Sr. Roberto Botero:<\/p>\n\n\n\n<p>Aumento del \u00e1rea sembrada y la producci\u00f3n en 2024 respecto a a\u00f1os anteriores.<\/p>\n\n\n\n<p align=\"justify\">Impacto de las importaciones provenientes de EE. UU. y la CAN, las cuales para el a\u00f1o 2025 representan la siembra de 55 mil hect\u00e1reas de nuestros agricultores. Para ello proponen invocar con la CAN, salvaguardias por sobreoferta a los pa\u00edses de la CAN Ecuador y Per\u00fa y de paso, se controla efectivamente la entrada de arroz de contrabando.<\/p>\n\n\n\n<p align=\"justify\">Los distritos de riego del Tolima manifestaron la preocupaci\u00f3n por las 28.000 hect\u00e1reas pr\u00f3ximas a cosechar entre febrero y abril, cuyos agricultores enfrentar\u00e1n p\u00e9rdidas significativas debido al bajo precio ofrecido por la industria molinera, destacando que, en los Distritos de Riego m\u00e1s del 85% de los agricultores son peque\u00f1os.<\/p>\n\n\n\n<p><strong>Intervenci\u00f3n del Ministerio de Agricultura<\/strong><\/p>\n\n\n\n<p>La ministra de Agricultura inform\u00f3 sobre las acciones que adelanta el Ministerio para mitigar la problem\u00e1tica:<\/p>\n\n\n\n<p>1. Trabajo en el ordenamiento de la producci\u00f3n, especialmente en los Llanos Orientales.<\/p>\n\n\n\n<p>2. Incentivo de compras p\u00fablicas.<\/p>\n\n\n\n<p>3. Evaluaci\u00f3n de la activaci\u00f3n de salvaguardias con pa\u00edses de la CAN (aunque destac\u00f3 que este es un proceso complejo).<\/p>\n\n\n\n<p align=\"justify\">No obstante, se destac\u00f3 la falta de soluciones inmediatas y efectivas para enfrentar la crisis actual debido a que no pueden imponer precios; sin embargo, al respecto los productores primarios le solicitaron reiteradamente a la Sra. Ministra, reunirse inmediatamente con la Industria arrocera y lleguen a un acuerdo que permita recuperar el precio y de esta manera&nbsp; evitar que sigan perdiendo dinero, pues los costos de producci\u00f3n van en ascenso mientras la carga de arroz paddy verde ha bajado un 21,25% en el \u00faltimo semestre del a\u00f1o 2014.<\/p>\n\n\n\n<p><strong>Postura de la industria molinera<\/strong><\/p>\n\n\n\n<p>La Dra. Sandra Avellaneda, representante legal de la industria molinera, argument\u00f3 que la problem\u00e1tica se debe a:<\/p>\n\n\n\n<p>1. Una sobreoferta de arroz paddy, con un inventario final de 1.230.000 toneladas en 2024 frente a 939.000 toneladas en 2023.<\/p>\n\n\n\n<p>2. Incremento en el consumo per c\u00e1pita en un 2% frente a un aumento de la producci\u00f3n del 11%.<\/p>\n\n\n\n<p><strong>Conclusi\u00f3n de la reuni\u00f3n<\/strong><\/p>\n\n\n\n<p align=\"justify\">La reuni\u00f3n no logr\u00f3 alcanzar una soluci\u00f3n concreta a la problem\u00e1tica. Se propuso una nueva reuni\u00f3n para el 17 de febrero en el Espinal, con la participaci\u00f3n de productores y la industria molinera, para buscar entendimientos que permitan establecer un precio justo para el arroz paddy verde.<\/p>\n\n\n\n<p>A pesar de los esfuerzos, el Ministerio de Agricultura reiter\u00f3 que no puede imponer precios, ya que el sector est\u00e1 sujeto al libre mercado.<\/p>\n\n\n\n<p><strong>Acciones futuras<\/strong><\/p>\n\n\n\n<p align=\"justify\">Se convoc\u00f3 una mesa t\u00e9cnica en Ibagu\u00e9, liderada por la Gobernadora del Tolima, para el d\u00eda de ma\u00f1ana, con el objetivo de construir una agenda que permita abordar soluciones efectivas en la reuni\u00f3n del 17 de febrero.<\/p>\n\n\n\n<p><strong>Conclusi\u00f3n y solicitud<\/strong><\/p>\n\n\n\n<p>La situaci\u00f3n del sector arrocero sigue siendo cr\u00edtica, y de no alcanzarse acuerdos que mejoren los precios, enfrentaremos un panorama de quiebras masivas entre los agricultores y descomposici\u00f3n social&nbsp;<\/p>\n\n\n\n<p>Solicitamos, respetuosamente, que desde el MADR se acompa\u00f1e esta gesti\u00f3n, brindando apoyo y propuestas que contribuyan a superar esta crisis.<\/p>\n\n\n\n<p><a href=\"http:\/\/ecosdelcombeima.com\/tolima\/nota-162471-gobernadora-matiz-y-minagricultura-se-reunen-para-hablar-de-la-mala-hora-del\">http:\/\/ecosdelcombeima.com\/tolima\/nota-162471-gobernadora-matiz-y-minagricultura-se-reunen-para-hablar-de-la-mala-hora-del<\/a><\/p>\n\n\n\n<figure class=\"wp-block-image size-large\"><a href=\"https:\/\/www.usosaldana.com.co\/wp-content\/uploads\/2025\/01\/1.jpeg\"><img loading=\"lazy\" decoding=\"async\" width=\"650\" height=\"1024\" src=\"https:\/\/www.usosaldana.com.co\/wp-content\/uploads\/2025\/01\/1-650x1024.jpeg\" alt=\"\" class=\"wp-image-4877\" srcset=\"https:\/\/www.usosaldana.com.co\/wp-content\/uploads\/2025\/01\/1-650x1024.jpeg 650w, https:\/\/www.usosaldana.com.co\/wp-content\/uploads\/2025\/01\/1-191x300.jpeg 191w, https:\/\/www.usosaldana.com.co\/wp-content\/uploads\/2025\/01\/1-768x1209.jpeg 768w, https:\/\/www.usosaldana.com.co\/wp-content\/uploads\/2025\/01\/1-975x1536.jpeg 975w, https:\/\/www.usosaldana.com.co\/wp-content\/uploads\/2025\/01\/1.jpeg 1016w\" sizes=\"auto, (max-width: 650px) 100vw, 650px\" \/><\/a><\/figure>\n\n\n\n<figure class=\"wp-block-image size-large\"><a href=\"https:\/\/www.usosaldana.com.co\/wp-content\/uploads\/2025\/01\/2.jpeg\"><img loading=\"lazy\" decoding=\"async\" width=\"639\" height=\"1024\" src=\"https:\/\/www.usosaldana.com.co\/wp-content\/uploads\/2025\/01\/2-639x1024.jpeg\" alt=\"\" class=\"wp-image-4878\" srcset=\"https:\/\/www.usosaldana.com.co\/wp-content\/uploads\/2025\/01\/2-639x1024.jpeg 639w, https:\/\/www.usosaldana.com.co\/wp-content\/uploads\/2025\/01\/2-187x300.jpeg 187w, https:\/\/www.usosaldana.com.co\/wp-content\/uploads\/2025\/01\/2-768x1230.jpeg 768w, https:\/\/www.usosaldana.com.co\/wp-content\/uploads\/2025\/01\/2-959x1536.jpeg 959w, https:\/\/www.usosaldana.com.co\/wp-content\/uploads\/2025\/01\/2.jpeg 999w\" sizes=\"auto, (max-width: 639px) 100vw, 639px\" \/><\/a><\/figure>\n","protected":false},"excerpt":{"rendered":"<p>Asunto: INFORME PROBLEMATICA DEL SECTOR ARROCERO TRAS LA REUNION DEL 30 DE ENERO EN BOGOTA: Respetados Se\u00f1ores, En cumplimiento de nuestro compromiso de velar por los intereses de los agricultores del sector arrocero, me permito presentar un informe detallado sobre los temas tratados durante la reuni\u00f3n llevada a cabo el d\u00eda de hoy, 30 de [&hellip;]<\/p>\n","protected":false},"author":3,"featured_media":4879,"parent":0,"menu_order":0,"comment_status":"closed","ping_status":"closed","template":"","meta":{"footnotes":""},"class_list":["post-4881","page","type-page","status-publish","has-post-thumbnail","czr-hentry"],"_links":{"self":[{"href":"https:\/\/www.usosaldana.com.co\/index.php\/wp-json\/wp\/v2\/pages\/4881","targetHints":{"allow":["GET"]}}],"collection":[{"href":"https:\/\/www.usosaldana.com.co\/index.php\/wp-json\/wp\/v2\/pages"}],"about":[{"href":"https:\/\/www.usosaldana.com.co\/index.php\/wp-json\/wp\/v2\/types\/page"}],"author":[{"embeddable":true,"href":"https:\/\/www.usosaldana.com.co\/index.php\/wp-json\/wp\/v2\/users\/3"}],"replies":[{"embeddable":true,"href":"https:\/\/www.usosaldana.com.co\/index.php\/wp-json\/wp\/v2\/comments?post=4881"}],"version-history":[{"count":5,"href":"https:\/\/www.usosaldana.com.co\/index.php\/wp-json\/wp\/v2\/pages\/4881\/revisions"}],"predecessor-version":[{"id":4888,"href":"https:\/\/www.usosaldana.com.co\/index.php\/wp-json\/wp\/v2\/pages\/4881\/revisions\/4888"}],"wp:featuredmedia":[{"embeddable":true,"href":"https:\/\/www.usosaldana.com.co\/index.php\/wp-json\/wp\/v2\/media\/4879"}],"wp:attachment":[{"href":"https:\/\/www.usosaldana.com.co\/index.php\/wp-json\/wp\/v2\/media?parent=4881"}],"curies":[{"name":"wp","href":"https:\/\/api.w.org\/{rel}","templated":true}]}}

Informe Problemática Del Sector Arrocero 2025

<p><strong>Asunto: INFORME PROBLEMATICA DEL SECTOR ARROCERO TRAS LA REUNION DEL 30 DE ENERO EN BOGOTA:</strong></p>



<p>Respetados Señores,</p>



<p align="justify">En cumplimiento de nuestro compromiso de velar por los intereses de los agricultores del sector arrocero, me permito presentar un informe detallado sobre los temas tratados durante la reunión llevada a cabo el día de hoy, 30 de enero de 2025, en Bogotá, convocada y gestionada por la Gobernadora del Tolima, Dra. Adriana Magalli Matiz, con la participación de actores clave en la problemática del sector.</p>



<p>Actores participantes:</p>



<p>Ministra de Agricultura</p>



<p>Gobernadora del Tolima.</p>



<p>Secretarios de Agricultura del Tolima y Huila.</p>



<p>Representantes de Induarroz</p>



<p>Representante Mincomercio Exterior.</p>



<p>Secretario de las Cadenas Agrícolas y Forestales.</p>



<p>Asesora del Ministerio de Agricultura.</p>



<p>Representantes de los distritos Usocoello y Usosaldaña.</p>



<p>Representante de Dignidad Arrocera.</p>



<p>Representante de las asociaciones de riego del del Tolima.</p>



<p><strong>Análisis inicial de la situación arrocera</strong></p>



<p align="justify">La reunión inició con un análisis sucinto por parte de la Gobernadora del Tolima, quien destacó la difícil situación económica que enfrentan los agricultores debido a:</p>



<p>1. Impacto en los precios: La baja del precio del arroz paddy verde, determinado por la industria molinera, que no permite cubrir los costos de producción.</p>



<p>2. Cifras preocupantes: Según lo expuesto por el representante de Dignidad Arrocera, Sr. Roberto Botero:</p>



<p>Aumento del área sembrada y la producción en 2024 respecto a años anteriores.</p>



<p align="justify">Impacto de las importaciones provenientes de EE. UU. y la CAN, las cuales para el año 2025 representan la siembra de 55 mil hectáreas de nuestros agricultores. Para ello proponen invocar con la CAN, salvaguardias por sobreoferta a los países de la CAN Ecuador y Perú y de paso, se controla efectivamente la entrada de arroz de contrabando.</p>



<p align="justify">Los distritos de riego del Tolima manifestaron la preocupación por las 28.000 hectáreas próximas a cosechar entre febrero y abril, cuyos agricultores enfrentarán pérdidas significativas debido al bajo precio ofrecido por la industria molinera, destacando que, en los Distritos de Riego más del 85% de los agricultores son pequeños.</p>



<p><strong>Intervención del Ministerio de Agricultura</strong></p>



<p>La ministra de Agricultura informó sobre las acciones que adelanta el Ministerio para mitigar la problemática:</p>



<p>1. Trabajo en el ordenamiento de la producción, especialmente en los Llanos Orientales.</p>



<p>2. Incentivo de compras públicas.</p>



<p>3. Evaluación de la activación de salvaguardias con países de la CAN (aunque destacó que este es un proceso complejo).</p>



<p align="justify">No obstante, se destacó la falta de soluciones inmediatas y efectivas para enfrentar la crisis actual debido a que no pueden imponer precios; sin embargo, al respecto los productores primarios le solicitaron reiteradamente a la Sra. Ministra, reunirse inmediatamente con la Industria arrocera y lleguen a un acuerdo que permita recuperar el precio y de esta manera&nbsp; evitar que sigan perdiendo dinero, pues los costos de producción van en ascenso mientras la carga de arroz paddy verde ha bajado un 21,25% en el último semestre del año 2014.</p>



<p><strong>Postura de la industria molinera</strong></p>



<p>La Dra. Sandra Avellaneda, representante legal de la industria molinera, argumentó que la problemática se debe a:</p>



<p>1. Una sobreoferta de arroz paddy, con un inventario final de 1.230.000 toneladas en 2024 frente a 939.000 toneladas en 2023.</p>



<p>2. Incremento en el consumo per cápita en un 2% frente a un aumento de la producción del 11%.</p>



<p><strong>Conclusión de la reunión</strong></p>



<p align="justify">La reunión no logró alcanzar una solución concreta a la problemática. Se propuso una nueva reunión para el 17 de febrero en el Espinal, con la participación de productores y la industria molinera, para buscar entendimientos que permitan establecer un precio justo para el arroz paddy verde.</p>



<p>A pesar de los esfuerzos, el Ministerio de Agricultura reiteró que no puede imponer precios, ya que el sector está sujeto al libre mercado.</p>



<p><strong>Acciones futuras</strong></p>



<p align="justify">Se convocó una mesa técnica en Ibagué, liderada por la Gobernadora del Tolima, para el día de mañana, con el objetivo de construir una agenda que permita abordar soluciones efectivas en la reunión del 17 de febrero.</p>



<p><strong>Conclusión y solicitud</strong></p>



<p>La situación del sector arrocero sigue siendo crítica, y de no alcanzarse acuerdos que mejoren los precios, enfrentaremos un panorama de quiebras masivas entre los agricultores y descomposición social&nbsp;</p>



<p>Solicitamos, respetuosamente, que desde el MADR se acompañe esta gestión, brindando apoyo y propuestas que contribuyan a superar esta crisis.</p>



<p><a href="http://ecosdelcombeima.com/tolima/nota-162471-gobernadora-matiz-y-minagricultura-se-reunen-para-hablar-de-la-mala-hora-del">http://ecosdelcombeima.com/tolima/nota-162471-gobernadora-matiz-y-minagricultura-se-reunen-para-hablar-de-la-mala-hora-del</a></p>



<figure class="wp-block-image size-large"><a href="https://www.usosaldana.com.co/wp-content/uploads/2025/01/1.jpeg"><img loading="lazy" decoding="async" width="650" height="1024" src="https://www.usosaldana.com.co/wp-content/uploads/2025/01/1-650x1024.jpeg" alt="" class="wp-image-4877" srcset="https://www.usosaldana.com.co/wp-content/uploads/2025/01/1-650x1024.jpeg 650w, https://www.usosaldana.com.co/wp-content/uploads/2025/01/1-191x300.jpeg 191w, https://www.usosaldana.com.co/wp-content/uploads/2025/01/1-768x1209.jpeg 768w, https://www.usosaldana.com.co/wp-content/uploads/2025/01/1-975x1536.jpeg 975w, https://www.usosaldana.com.co/wp-content/uploads/2025/01/1.jpeg 1016w" sizes="auto, (max-width: 650px) 100vw, 650px" /></a></figure>



<figure class="wp-block-image size-large"><a href="https://www.usosaldana.com.co/wp-content/uploads/2025/01/2.jpeg"><img loading="lazy" decoding="async" width="639" height="1024" src="https://www.usosaldana.com.co/wp-content/uploads/2025/01/2-639x1024.jpeg" alt="" class="wp-image-4878" srcset="https://www.usosaldana.com.co/wp-content/uploads/2025/01/2-639x1024.jpeg 639w, https://www.usosaldana.com.co/wp-content/uploads/2025/01/2-187x300.jpeg 187w, https://www.usosaldana.com.co/wp-content/uploads/2025/01/2-768x1230.jpeg 768w, https://www.usosaldana.com.co/wp-content/uploads/2025/01/2-959x1536.jpeg 959w, https://www.usosaldana.com.co/wp-content/uploads/2025/01/2.jpeg 999w" sizes="auto, (max-width: 639px) 100vw, 639px" /></a></figure>

<p>Asunto: INFORME PROBLEMATICA DEL SECTOR ARROCERO TRAS LA REUNION DEL 30 DE ENERO EN BOGOTA: Respetados Señores, En cumplimiento de nuestro compromiso de velar por los intereses de los agricultores del sector arrocero, me permito presentar un informe detallado sobre los temas tratados durante la reunión llevada a cabo el día de hoy, 30 de [&hellip;]</p>
