{"id":4927,"date":"2025-02-22T13:56:01","date_gmt":"2025-02-22T18:56:01","guid":{"rendered":"https:\/\/www.usosaldana.com.co\/?page_id=4927"},"modified":"2025-02-22T13:56:56","modified_gmt":"2025-02-22T18:56:56","slug":"programacion-y-logistica-de-movilizacion-al-paro-nacional-del-sector-arrocero","status":"publish","type":"page","link":"https:\/\/www.usosaldana.com.co\/index.php\/programacion-y-logistica-de-movilizacion-al-paro-nacional-del-sector-arrocero\/","title":{"rendered":"Programaci\u00f3n y log\u00edstica de movilizaci\u00f3n al Paro Nacional del sector arrocero."},"content":{"rendered":"\n<figure class=\"wp-block-video\"><video controls src=\"https:\/\/www.usosaldana.com.co\/wp-content\/uploads\/2025\/02\/AudioReunion.mp4\"><\/video><\/figure>\n\n\n\n<figure class=\"wp-block-gallery has-nested-images columns-default is-cropped wp-block-gallery-1 is-layout-flex wp-block-gallery-is-layout-flex\">\n<figure class=\"wp-block-image size-large\"><a href=\"https:\/\/www.usosaldana.com.co\/wp-content\/uploads\/2025\/02\/Publicacion_20250222-rotated.jpg\"><img loading=\"lazy\" decoding=\"async\" width=\"1024\" height=\"723\" data-id=\"4925\" src=\"https:\/\/www.usosaldana.com.co\/wp-content\/uploads\/2025\/02\/Publicacion_20250222-1024x723.jpg\" alt=\"\" class=\"wp-image-4925\" srcset=\"https:\/\/www.usosaldana.com.co\/wp-content\/uploads\/2025\/02\/Publicacion_20250222-1024x723.jpg 1024w, https:\/\/www.usosaldana.com.co\/wp-content\/uploads\/2025\/02\/Publicacion_20250222-300x212.jpg 300w, https:\/\/www.usosaldana.com.co\/wp-content\/uploads\/2025\/02\/Publicacion_20250222-768x542.jpg 768w, https:\/\/www.usosaldana.com.co\/wp-content\/uploads\/2025\/02\/Publicacion_20250222-rotated.jpg 1240w\" sizes=\"auto, (max-width: 1024px) 100vw, 1024px\" \/><\/a><\/figure>\n<\/figure>\n","protected":false},"excerpt":{"rendered":"","protected":false},"author":3,"featured_media":4925,"parent":0,"menu_order":0,"comment_status":"closed","ping_status":"closed","template":"","meta":{"footnotes":""},"class_list":["post-4927","page","type-page","status-publish","has-post-thumbnail","czr-hentry"],"_links":{"self":[{"href":"https:\/\/www.usosaldana.com.co\/index.php\/wp-json\/wp\/v2\/pages\/4927","targetHints":{"allow":["GET"]}}],"collection":[{"href":"https:\/\/www.usosaldana.com.co\/index.php\/wp-json\/wp\/v2\/pages"}],"about":[{"href":"https:\/\/www.usosaldana.com.co\/index.php\/wp-json\/wp\/v2\/types\/page"}],"author":[{"embeddable":true,"href":"https:\/\/www.usosaldana.com.co\/index.php\/wp-json\/wp\/v2\/users\/3"}],"replies":[{"embeddable":true,"href":"https:\/\/www.usosaldana.com.co\/index.php\/wp-json\/wp\/v2\/comments?post=4927"}],"version-history":[{"count":1,"href":"https:\/\/www.usosaldana.com.co\/index.php\/wp-json\/wp\/v2\/pages\/4927\/revisions"}],"predecessor-version":[{"id":4928,"href":"https:\/\/www.usosaldana.com.co\/index.php\/wp-json\/wp\/v2\/pages\/4927\/revisions\/4928"}],"wp:featuredmedia":[{"embeddable":true,"href":"https:\/\/www.usosaldana.com.co\/index.php\/wp-json\/wp\/v2\/media\/4925"}],"wp:attachment":[{"href":"https:\/\/www.usosaldana.com.co\/index.php\/wp-json\/wp\/v2\/media?parent=4927"}],"curies":[{"name":"wp","href":"https:\/\/api.w.org\/{rel}","templated":true}]}}