{"id":5044,"date":"2025-04-11T12:53:26","date_gmt":"2025-04-11T17:53:26","guid":{"rendered":"https:\/\/www.usosaldana.com.co\/?page_id=5044"},"modified":"2025-04-14T16:33:03","modified_gmt":"2025-04-14T21:33:03","slug":"laboratorio-de-calidad-molinera-2025","status":"publish","type":"page","link":"https:\/\/www.usosaldana.com.co\/index.php\/laboratorio-de-calidad-molinera-2025\/","title":{"rendered":"Laboratorio de Calidad Molinera 2025"},"content":{"rendered":"\n<figure class=\"wp-block-image size-large\"><a href=\"https:\/\/www.usosaldana.com.co\/wp-content\/uploads\/2025\/04\/laboratorio-1.jpeg\"><img loading=\"lazy\" decoding=\"async\" width=\"819\" height=\"1024\" src=\"https:\/\/www.usosaldana.com.co\/wp-content\/uploads\/2025\/04\/laboratorio-1-819x1024.jpeg\" alt=\"\" class=\"wp-image-5045\" srcset=\"https:\/\/www.usosaldana.com.co\/wp-content\/uploads\/2025\/04\/laboratorio-1-819x1024.jpeg 819w, https:\/\/www.usosaldana.com.co\/wp-content\/uploads\/2025\/04\/laboratorio-1-240x300.jpeg 240w, https:\/\/www.usosaldana.com.co\/wp-content\/uploads\/2025\/04\/laboratorio-1-768x960.jpeg 768w, https:\/\/www.usosaldana.com.co\/wp-content\/uploads\/2025\/04\/laboratorio-1.jpeg 1080w\" sizes=\"auto, (max-width: 819px) 100vw, 819px\" \/><\/a><\/figure>\n","protected":false},"excerpt":{"rendered":"<p>\u00a1Atenci\u00f3n arroceros de Salda\u00f1a y Purificaci\u00f3n! Laboratorio de Calidad Molinera<\/p>\n","protected":false},"author":3,"featured_media":5043,"parent":0,"menu_order":0,"comment_status":"closed","ping_status":"closed","template":"","meta":{"footnotes":""},"class_list":["post-5044","page","type-page","status-publish","has-post-thumbnail","czr-hentry"],"_links":{"self":[{"href":"https:\/\/www.usosaldana.com.co\/index.php\/wp-json\/wp\/v2\/pages\/5044","targetHints":{"allow":["GET"]}}],"collection":[{"href":"https:\/\/www.usosaldana.com.co\/index.php\/wp-json\/wp\/v2\/pages"}],"about":[{"href":"https:\/\/www.usosaldana.com.co\/index.php\/wp-json\/wp\/v2\/types\/page"}],"author":[{"embeddable":true,"href":"https:\/\/www.usosaldana.com.co\/index.php\/wp-json\/wp\/v2\/users\/3"}],"replies":[{"embeddable":true,"href":"https:\/\/www.usosaldana.com.co\/index.php\/wp-json\/wp\/v2\/comments?post=5044"}],"version-history":[{"count":2,"href":"https:\/\/www.usosaldana.com.co\/index.php\/wp-json\/wp\/v2\/pages\/5044\/revisions"}],"predecessor-version":[{"id":5093,"href":"https:\/\/www.usosaldana.com.co\/index.php\/wp-json\/wp\/v2\/pages\/5044\/revisions\/5093"}],"wp:featuredmedia":[{"embeddable":true,"href":"https:\/\/www.usosaldana.com.co\/index.php\/wp-json\/wp\/v2\/media\/5043"}],"wp:attachment":[{"href":"https:\/\/www.usosaldana.com.co\/index.php\/wp-json\/wp\/v2\/media?parent=5044"}],"curies":[{"name":"wp","href":"https:\/\/api.w.org\/{rel}","templated":true}]}}