{"id":5050,"date":"2025-04-11T14:20:04","date_gmt":"2025-04-11T19:20:04","guid":{"rendered":"https:\/\/www.usosaldana.com.co\/?page_id=5050"},"modified":"2025-04-11T14:28:37","modified_gmt":"2025-04-11T19:28:37","slug":"zanja-honda-11-de-abril-de-2025","status":"publish","type":"page","link":"https:\/\/www.usosaldana.com.co\/index.php\/zanja-honda-11-de-abril-de-2025\/","title":{"rendered":"Zanja Honda 11 de abril de 2025"},"content":{"rendered":"\n<p>Presa zanja Honda y situaci\u00f3n de inundaciones en la parte baja de la zona de jabalc\u00f3n [D. Usosalda\u00f1a]. Efecto de las altas precipitaciones en el mes de abril 2025.<\/p>\n\n\n\n<figure><iframe loading=\"lazy\" src=\"https:\/\/www.usosaldana.com.co\/wp-content\/uploads\/2025\/04\/ZanjaHondav1.mp4\" width=\"900\" height=\"550\" style=\"border:none;overflow:hidden\" scrolling=\"no\" frameborder=\"0\" allowfullscreen=\"true\" allow=\"autoplay; clipboard-write; encrypted-media; picture-in-picture; web-share\"><\/iframe><\/figure>\n<br><br>\n<figure><iframe loading=\"lazy\" src=\"https:\/\/www.usosaldana.com.co\/wp-content\/uploads\/2025\/04\/ZanjaHondav2.mp4\" width=\"900\" height=\"550\" style=\"border:none;overflow:hidden\" scrolling=\"no\" frameborder=\"0\" allowfullscreen=\"true\" allow=\"autoplay; clipboard-write; encrypted-media; picture-in-picture; web-share\"><\/iframe><\/figure>\n","protected":false},"excerpt":{"rendered":"<p>Presa zanja Honda y situaci\u00f3n de inundaciones en la parte baja de la zona de jabalc\u00f3n [D. Usosalda\u00f1a]. Efecto de las altas precipitaciones en el mes de abril 2025.<\/p>\n","protected":false},"author":3,"featured_media":5055,"parent":0,"menu_order":0,"comment_status":"closed","ping_status":"closed","template":"","meta":{"footnotes":""},"class_list":["post-5050","page","type-page","status-publish","has-post-thumbnail","czr-hentry"],"_links":{"self":[{"href":"https:\/\/www.usosaldana.com.co\/index.php\/wp-json\/wp\/v2\/pages\/5050","targetHints":{"allow":["GET"]}}],"collection":[{"href":"https:\/\/www.usosaldana.com.co\/index.php\/wp-json\/wp\/v2\/pages"}],"about":[{"href":"https:\/\/www.usosaldana.com.co\/index.php\/wp-json\/wp\/v2\/types\/page"}],"author":[{"embeddable":true,"href":"https:\/\/www.usosaldana.com.co\/index.php\/wp-json\/wp\/v2\/users\/3"}],"replies":[{"embeddable":true,"href":"https:\/\/www.usosaldana.com.co\/index.php\/wp-json\/wp\/v2\/comments?post=5050"}],"version-history":[{"count":3,"href":"https:\/\/www.usosaldana.com.co\/index.php\/wp-json\/wp\/v2\/pages\/5050\/revisions"}],"predecessor-version":[{"id":5053,"href":"https:\/\/www.usosaldana.com.co\/index.php\/wp-json\/wp\/v2\/pages\/5050\/revisions\/5053"}],"wp:featuredmedia":[{"embeddable":true,"href":"https:\/\/www.usosaldana.com.co\/index.php\/wp-json\/wp\/v2\/media\/5055"}],"wp:attachment":[{"href":"https:\/\/www.usosaldana.com.co\/index.php\/wp-json\/wp\/v2\/media?parent=5050"}],"curies":[{"name":"wp","href":"https:\/\/api.w.org\/{rel}","templated":true}]}}