{"id":5130,"date":"2025-04-24T08:33:43","date_gmt":"2025-04-24T13:33:43","guid":{"rendered":"https:\/\/www.usosaldana.com.co\/?page_id=5130"},"modified":"2025-05-07T08:21:07","modified_gmt":"2025-05-07T13:21:07","slug":"invitacion-publica-no-003-de-2025","status":"publish","type":"page","link":"https:\/\/www.usosaldana.com.co\/index.php\/invitacion-publica-no-003-de-2025\/","title":{"rendered":"Invitaci\u00f3n P\u00fablica Subasta No. 003 de 2025"},"content":{"rendered":"\n<iframe style=\"width: 100%; height: 900px;\" src=\"https:\/\/www.usosaldana.com.co\/wp-content\/uploads\/2025\/04\/INVITACION-03-VENTA-DE-MAQUINARIA-R-ABRIL-24-DE-2025.pdf\" frameborder=\"0\"><\/iframe>\n","protected":false},"excerpt":{"rendered":"<p>Invitaci\u00f3n P\u00fablica subasta de venta total en lotes de maquinaria agr\u00edcola de propiedad de Usosalda\u00f1a.<\/p>\n","protected":false},"author":3,"featured_media":5129,"parent":0,"menu_order":0,"comment_status":"closed","ping_status":"closed","template":"","meta":{"footnotes":""},"class_list":["post-5130","page","type-page","status-publish","has-post-thumbnail","czr-hentry"],"_links":{"self":[{"href":"https:\/\/www.usosaldana.com.co\/index.php\/wp-json\/wp\/v2\/pages\/5130","targetHints":{"allow":["GET"]}}],"collection":[{"href":"https:\/\/www.usosaldana.com.co\/index.php\/wp-json\/wp\/v2\/pages"}],"about":[{"href":"https:\/\/www.usosaldana.com.co\/index.php\/wp-json\/wp\/v2\/types\/page"}],"author":[{"embeddable":true,"href":"https:\/\/www.usosaldana.com.co\/index.php\/wp-json\/wp\/v2\/users\/3"}],"replies":[{"embeddable":true,"href":"https:\/\/www.usosaldana.com.co\/index.php\/wp-json\/wp\/v2\/comments?post=5130"}],"version-history":[{"count":4,"href":"https:\/\/www.usosaldana.com.co\/index.php\/wp-json\/wp\/v2\/pages\/5130\/revisions"}],"predecessor-version":[{"id":5173,"href":"https:\/\/www.usosaldana.com.co\/index.php\/wp-json\/wp\/v2\/pages\/5130\/revisions\/5173"}],"wp:featuredmedia":[{"embeddable":true,"href":"https:\/\/www.usosaldana.com.co\/index.php\/wp-json\/wp\/v2\/media\/5129"}],"wp:attachment":[{"href":"https:\/\/www.usosaldana.com.co\/index.php\/wp-json\/wp\/v2\/media?parent=5130"}],"curies":[{"name":"wp","href":"https:\/\/api.w.org\/{rel}","templated":true}]}}

Invitación Pública Subasta No. 003 de 2025

<p>Invitación Pública subasta de venta total en lotes de maquinaria agrícola de propiedad de Usosaldaña.</p>
