{"id":5277,"date":"2025-06-16T07:47:52","date_gmt":"2025-06-16T12:47:52","guid":{"rendered":"https:\/\/www.usosaldana.com.co\/?page_id=5277"},"modified":"2025-06-16T07:52:52","modified_gmt":"2025-06-16T12:52:52","slug":"reunion-con-madr-para-aclaracion-de-usuarios-no-priorizados","status":"publish","type":"page","link":"https:\/\/www.usosaldana.com.co\/index.php\/reunion-con-madr-para-aclaracion-de-usuarios-no-priorizados\/","title":{"rendered":"Reuni\u00f3n con MADR para aclaraci\u00f3n de usuarios no priorizados"},"content":{"rendered":"\n<figure class=\"wp-block-image size-large\"><a href=\"https:\/\/www.usosaldana.com.co\/wp-content\/uploads\/2025\/06\/WhatsApp-Image-2025-06-14-at-6.39.27-AM.jpeg\"><img loading=\"lazy\" decoding=\"async\" width=\"1024\" height=\"768\" src=\"https:\/\/www.usosaldana.com.co\/wp-content\/uploads\/2025\/06\/WhatsApp-Image-2025-06-14-at-6.39.27-AM-1024x768.jpeg\" alt=\"\" class=\"wp-image-5275\" srcset=\"https:\/\/www.usosaldana.com.co\/wp-content\/uploads\/2025\/06\/WhatsApp-Image-2025-06-14-at-6.39.27-AM-1024x768.jpeg 1024w, https:\/\/www.usosaldana.com.co\/wp-content\/uploads\/2025\/06\/WhatsApp-Image-2025-06-14-at-6.39.27-AM-300x225.jpeg 300w, https:\/\/www.usosaldana.com.co\/wp-content\/uploads\/2025\/06\/WhatsApp-Image-2025-06-14-at-6.39.27-AM-768x576.jpeg 768w, https:\/\/www.usosaldana.com.co\/wp-content\/uploads\/2025\/06\/WhatsApp-Image-2025-06-14-at-6.39.27-AM-1536x1152.jpeg 1536w, https:\/\/www.usosaldana.com.co\/wp-content\/uploads\/2025\/06\/WhatsApp-Image-2025-06-14-at-6.39.27-AM.jpeg 1600w\" sizes=\"auto, (max-width: 1024px) 100vw, 1024px\" \/><\/a><\/figure>\n\n\n\n<figure><iframe loading=\"lazy\" src=\"https:\/\/www.usosaldana.com.co\/wp-content\/uploads\/2025\/06\/WhatsApp-Video-2025-06-14-at-6.39.27-AM.mp4\" width=\"900\" height=\"550\" style=\"border:none;overflow:hidden\" scrolling=\"no\" frameborder=\"0\" allowfullscreen=\"true\" allow=\"autoplay; clipboard-write; encrypted-media; picture-in-picture; web-share\"><\/iframe><\/figure>\n","protected":false},"excerpt":{"rendered":"<p>Reuni\u00f3n con MADR para aclaraci\u00f3n de usuarios no priorizados en el apoyo a la comercializaci\u00f3n de arroz paddy verde semestre A de 2025.<\/p>\n","protected":false},"author":3,"featured_media":5274,"parent":0,"menu_order":0,"comment_status":"closed","ping_status":"closed","template":"","meta":{"footnotes":""},"class_list":["post-5277","page","type-page","status-publish","has-post-thumbnail","czr-hentry"],"_links":{"self":[{"href":"https:\/\/www.usosaldana.com.co\/index.php\/wp-json\/wp\/v2\/pages\/5277","targetHints":{"allow":["GET"]}}],"collection":[{"href":"https:\/\/www.usosaldana.com.co\/index.php\/wp-json\/wp\/v2\/pages"}],"about":[{"href":"https:\/\/www.usosaldana.com.co\/index.php\/wp-json\/wp\/v2\/types\/page"}],"author":[{"embeddable":true,"href":"https:\/\/www.usosaldana.com.co\/index.php\/wp-json\/wp\/v2\/users\/3"}],"replies":[{"embeddable":true,"href":"https:\/\/www.usosaldana.com.co\/index.php\/wp-json\/wp\/v2\/comments?post=5277"}],"version-history":[{"count":2,"href":"https:\/\/www.usosaldana.com.co\/index.php\/wp-json\/wp\/v2\/pages\/5277\/revisions"}],"predecessor-version":[{"id":5279,"href":"https:\/\/www.usosaldana.com.co\/index.php\/wp-json\/wp\/v2\/pages\/5277\/revisions\/5279"}],"wp:featuredmedia":[{"embeddable":true,"href":"https:\/\/www.usosaldana.com.co\/index.php\/wp-json\/wp\/v2\/media\/5274"}],"wp:attachment":[{"href":"https:\/\/www.usosaldana.com.co\/index.php\/wp-json\/wp\/v2\/media?parent=5277"}],"curies":[{"name":"wp","href":"https:\/\/api.w.org\/{rel}","templated":true}]}}

Reunión con MADR para aclaración de usuarios no priorizados

<p>Reunión con MADR para aclaración de usuarios no priorizados en el apoyo a la comercialización de arroz paddy verde semestre A de 2025.</p>
