{"id":5329,"date":"2025-07-02T10:18:00","date_gmt":"2025-07-02T15:18:00","guid":{"rendered":"https:\/\/www.usosaldana.com.co\/?page_id=5329"},"modified":"2025-07-02T10:32:44","modified_gmt":"2025-07-02T15:32:44","slug":"circular-externa-horario-de-atencion-04-de-julio-de-2025","status":"publish","type":"page","link":"https:\/\/www.usosaldana.com.co\/index.php\/circular-externa-horario-de-atencion-04-de-julio-de-2025\/","title":{"rendered":"Circular Externa Horario de Atenci\u00f3n 04 de Julio de 2025"},"content":{"rendered":"\n<iframe style=\"width: 100%; height: 900px;\" src=\"https:\/\/www.usosaldana.com.co\/wp-content\/uploads\/2025\/07\/CIRCULAR-EXTERNA.pdf\" frameborder=\"0\"><\/iframe>\n","protected":false},"excerpt":{"rendered":"<p>Se informa a todos los usuarios de la asociaci\u00f3n el horario de atenci\u00f3n al p\u00fablico el pr\u00f3ximo viernes 04 de julio de 2025.<\/p>\n","protected":false},"author":3,"featured_media":5328,"parent":0,"menu_order":0,"comment_status":"closed","ping_status":"closed","template":"","meta":{"footnotes":""},"class_list":["post-5329","page","type-page","status-publish","has-post-thumbnail","czr-hentry"],"_links":{"self":[{"href":"https:\/\/www.usosaldana.com.co\/index.php\/wp-json\/wp\/v2\/pages\/5329","targetHints":{"allow":["GET"]}}],"collection":[{"href":"https:\/\/www.usosaldana.com.co\/index.php\/wp-json\/wp\/v2\/pages"}],"about":[{"href":"https:\/\/www.usosaldana.com.co\/index.php\/wp-json\/wp\/v2\/types\/page"}],"author":[{"embeddable":true,"href":"https:\/\/www.usosaldana.com.co\/index.php\/wp-json\/wp\/v2\/users\/3"}],"replies":[{"embeddable":true,"href":"https:\/\/www.usosaldana.com.co\/index.php\/wp-json\/wp\/v2\/comments?post=5329"}],"version-history":[{"count":3,"href":"https:\/\/www.usosaldana.com.co\/index.php\/wp-json\/wp\/v2\/pages\/5329\/revisions"}],"predecessor-version":[{"id":5332,"href":"https:\/\/www.usosaldana.com.co\/index.php\/wp-json\/wp\/v2\/pages\/5329\/revisions\/5332"}],"wp:featuredmedia":[{"embeddable":true,"href":"https:\/\/www.usosaldana.com.co\/index.php\/wp-json\/wp\/v2\/media\/5328"}],"wp:attachment":[{"href":"https:\/\/www.usosaldana.com.co\/index.php\/wp-json\/wp\/v2\/media?parent=5329"}],"curies":[{"name":"wp","href":"https:\/\/api.w.org\/{rel}","templated":true}]}}

Circular Externa Horario de Atención 04 de Julio de 2025

<p>Se informa a todos los usuarios de la asociación el horario de atención al público el próximo viernes 04 de julio de 2025.</p>
