{"id":5871,"date":"2026-01-06T17:03:05","date_gmt":"2026-01-06T22:03:05","guid":{"rendered":"https:\/\/www.usosaldana.com.co\/?page_id=5871"},"modified":"2026-01-06T17:03:07","modified_gmt":"2026-01-06T22:03:07","slug":"invitacion-publica-subasta-no-001-de-2026","status":"publish","type":"page","link":"https:\/\/www.usosaldana.com.co\/index.php\/invitacion-publica-subasta-no-001-de-2026\/","title":{"rendered":"Invitaci\u00f3n P\u00fablica Subasta No. 001 de 2026"},"content":{"rendered":"\n<iframe style=\"width: 100%; height: 900px;\" src=\"https:\/\/www.usosaldana.com.co\/wp-content\/uploads\/2026\/01\/INVITACION-PUBLICA-SUBASTA-No.-001-del-2026.pdf\" frameborder=\"0\"><\/iframe>\n\n\n\n<p><\/p>\n","protected":false},"excerpt":{"rendered":"<p>USOSALDA\u00d1A se permite convocar a los interesados en participar en la COMPRAVENTA DE MAQUINARIA AGRICOLA PROPIEDAD DE LA ASOCIACI\u00d3N, con las siguientes caracter\u00edsticas:<\/p>\n","protected":false},"author":3,"featured_media":5870,"parent":0,"menu_order":0,"comment_status":"closed","ping_status":"closed","template":"","meta":{"footnotes":""},"class_list":["post-5871","page","type-page","status-publish","has-post-thumbnail","czr-hentry"],"_links":{"self":[{"href":"https:\/\/www.usosaldana.com.co\/index.php\/wp-json\/wp\/v2\/pages\/5871","targetHints":{"allow":["GET"]}}],"collection":[{"href":"https:\/\/www.usosaldana.com.co\/index.php\/wp-json\/wp\/v2\/pages"}],"about":[{"href":"https:\/\/www.usosaldana.com.co\/index.php\/wp-json\/wp\/v2\/types\/page"}],"author":[{"embeddable":true,"href":"https:\/\/www.usosaldana.com.co\/index.php\/wp-json\/wp\/v2\/users\/3"}],"replies":[{"embeddable":true,"href":"https:\/\/www.usosaldana.com.co\/index.php\/wp-json\/wp\/v2\/comments?post=5871"}],"version-history":[{"count":1,"href":"https:\/\/www.usosaldana.com.co\/index.php\/wp-json\/wp\/v2\/pages\/5871\/revisions"}],"predecessor-version":[{"id":5872,"href":"https:\/\/www.usosaldana.com.co\/index.php\/wp-json\/wp\/v2\/pages\/5871\/revisions\/5872"}],"wp:featuredmedia":[{"embeddable":true,"href":"https:\/\/www.usosaldana.com.co\/index.php\/wp-json\/wp\/v2\/media\/5870"}],"wp:attachment":[{"href":"https:\/\/www.usosaldana.com.co\/index.php\/wp-json\/wp\/v2\/media?parent=5871"}],"curies":[{"name":"wp","href":"https:\/\/api.w.org\/{rel}","templated":true}]}}

Invitación Pública Subasta No. 001 de 2026

<p>USOSALDAÑA se permite convocar a los interesados en participar en la COMPRAVENTA DE MAQUINARIA AGRICOLA PROPIEDAD DE LA ASOCIACIÓN, con las siguientes características:</p>
